 9*n - 4. What is the remainder when z(9) is divided by t(3)?
8
Suppose -266 = -3*a + 5*h, -5*a + 57*h + 406 = 58*h. What is the remainder when 167 is divided by a?
3
Let a(l) = -8*l**3 + 5*l**2 - 5. Let x be a(3). Let t = x - -205. What is the remainder when t is divided by 19?
10
Suppose q = 4*i + 181, 2*q - 7*i = -6*i + 390. What is the remainder when q is divided by 10?
7
Let i = 18363 - 16328. Calculate the remainder when i is divided by 21.
19
Let s(d) = 103*d**3 + d**2 - d. Suppose -4*g = 2*a - 2464, 5*a = -2*g - 371 + 1603. What is the remainder when g is divided by s(1)?
101
Let y(i) = 4*i + 22. Let m be 2/(-3)*(-6 - (0 - -6)). Calculate the remainder when y(m) is divided by 21.
12
Suppose -59*w = 44*w - 75*w - 5516. What is the remainder when w is divided by 42?
29
Suppose 537 - 535 = o. Suppose -2*k + 48 = 4*m, -5*m - 3*k + 57 = -o*k. What is the remainder when (52 - (-1 + 1))/1 is divided by m?
8
Suppose -4*f - 7 = -67. Suppose l + 287 = 5*g, -1287*l - 110 = -2*g - 1289*l. Calculate the remainder when g is divided by (f/(-4))/(3/(-12)).
12
Suppose -s + 98 = 3*g, -2*g + 6*g - 2*s - 134 = 0. Let j be (-24)/1*31/62. Calculate the remainder when g is divided by 9*((-44)/j - 3).
3
Let m(q) = q**2 - 137*q + 5286. Calculate the remainder when m(101) is divided by 128.
114
What is the remainder when 2630 is divided by 6 + (5 - 3)/(56/700)?
26
Let h(v) = v**2 - 18*v - 63. Let d be h(0). Let u(c) = 85*c**2 + 1. Let n be u(1). Let t = n + d. Calculate the remainder when 42 is divided by t.
19
Let q(l) = -l**3 + 4*l**2 + 56*l + 49. What is the remainder when 412 is divided by q(10)?
7
Suppose -78 = -23*g + 37. Suppose -12*w + 3*u + 30 = -11*w, -g*u + 16 = 2*w. What is the remainder when 89 is divided by w?
17
Suppose -2994 + 4704 = 9*t. Calculate the remainder when t is divided by 86.
18
Suppose -50*d + 17*d + 2276 = -1882. What is the remainder when 838 is divided by d?
82
Calculate the remainder when 9/(-12) - (-374150)/200 is divided by 48.
46
Let s(z) = -7*z + 12. Let n be (3 - (0/(-2) - -13))/1. Calculate the remainder when s(n) is divided by 14.
12
Suppose -29*s - 9 = -38*s. What is the remainder when 344 is divided by 2325/21 - s*(-8)/28?
11
Let y(h) = 4*h**2 - 36*h + 47. Calculate the remainder when y(-6) is divided by 42.
29
Suppose -911*l + 510 = -894*l. Calculate the remainder when 1645 is divided by l.
25
Suppose 0 = -7*o + 900 + 73. Suppose 3*d + 6 = 3*l, -d + 5 = -3*d + l. Calculate the remainder when o is divided by 4 - (d + (-28)/1).
34
Let f = -306 - -535. Suppose -563 = -12*d + f. What is the remainder when d is divided by 34 + 0/(1/(-1))?
32
Let g be -7*2*(-14)/(-4). Suppose -352 = 4*a + 4*c, 4*c = -2*a - 101 - 77. Let i = g - a. Calculate the remainder when i is divided by 21.
17
Let i be (171/45 + -5)/(2/(-540)). Suppose 16*r = 4*r + i. What is the remainder when r is divided by 8?
3
Suppose q + 33 = -5*m + 538, -4*m - 3*q + 393 = 0. Let y(s) = s**2 + s - 5. Let k be y(-4). Let u = k - -28. What is the remainder when m is divided by u?
32
Let c = -2158 - -7106. Calculate the remainder when c is divided by 49.
48
What is the remainder when (6 - 4) + -5 + 68 is divided by 3*((-102)/(-9) - (20 - 15))?
8
Calculate the remainder when -4*2/(-48)*2 - (-11744)/48 is divided by 230.
15
Let m = -18 - -30. Let n(h) = -2*h + 35. Suppose -3*i = 3*y - 33, 0*i = -4*y + 4*i + 68. Calculate the remainder when m is divided by n(y).
5
Suppose -31*u - 4*n = -30*u - 89, -2*u + n + 106 = 0. Suppose 3*h + 4*w = 347, 2*w + 111 = h + w. Calculate the remainder when h is divided by u.
56
Suppose -9*i = -15*i + 27*i - 420. Calculate the remainder when 53 is divided by i.
13
Suppose 135624 = 41*t - 16*t + 7324. Calculate the remainder when t is divided by 79.
76
Suppose 2*a + 5 = 5*h, 0*h = 2*a + 2*h - 16. Suppose 7*r - 5*r = 5*k - 482, -a*k - 4*r + 476 = 0. What is the remainder when k is divided by 33?
30
Let b = -59 + 29. What is the remainder when (-18)/b + (-1532)/(-5) is divided by 44?
43
Let f be 132/110*1370*3/9. Let w = f + -533. What is the remainder when 73 is divided by w?
13
Suppose 46*i - 9080 - 5151 = -87*i. What is the remainder when 2458 is divided by i?
104
Let a be 6/4 - 21/(-14). Let y be (2 - (4 - -1)) + a. Suppose -3*w = 4*m - 415, y = 4*w - 2*w + 2*m - 278. What is the remainder when w is divided by 24?
21
Suppose -3*j = -193 - 20. Suppose -79479 = -241*o + 11243 - 5890. Calculate the remainder when o is divided by j.
68
Suppose -8*n + 3*n = 2*h - 54, -3*h = -n - 81. Let g = 21 + h. Calculate the remainder when g is divided by 48/5 - 28/(-70).
8
Let h(y) = -y**3 + 7*y**2 + 134*y - 11. Calculate the remainder when 1739 is divided by h(-9).
1
What is the remainder when 1647 is divided by 3058/(-417)*(-45)/3?
107
Suppose -15*b = -162 + 27. Let n = 294 + -180. What is the remainder when n is divided by b/(27/60) - (-12)/4?
22
What is the remainder when 7/((-42)/(-4734)) + -16 is divided by 21?
17
Let v(i) = -8*i - 2. Let w(j) = j**3 + 3*j**2 - 6*j - 5. Calculate the remainder when v(-5) is divided by w(-3).
12
Let l = -64 - -52. Let u(m) = -2*m + 16. What is the remainder when (234 + 0)*(-5 - (-88)/16) is divided by u(l)?
37
Suppose -i + 406 = 2*c + 23, 0 = -3*c + 4*i + 569. Calculate the remainder when 3053 is divided by c.
188
Suppose 0 = -5*t - 3*o + 17602 - 611, 0 = 4*t - 4*o - 13612. Calculate the remainder when 10200 is divided by t.
0
Let t(h) = 31*h - 11. Let y(s) = 35*s - 11. Let x(m) = 3*t(m) - 2*y(m). Calculate the remainder when x(9) is divided by 9.
7
Let q be 171 - ((-10)/2 + 4). Let b = q - 159. What is the remainder when 49 is divided by b?
10
Suppose 26*v = -20 + 20. Suppose 3*b - o - 1 - 13 = v, 0 = -5*b + 2*o + 22. What is the remainder when 93 is divided by b?
3
Let c = 3206 - 2235. Calculate the remainder when c is divided by 108.
107
Suppose -j + 832 = 3*h - 144, j + 7*h = 964. Calculate the remainder when j is divided by 123.
1
Let r(g) = -8*g - 193. What is the remainder when 236 is divided by r(-29)?
2
Suppose 0 = 5*d - 20, 0 = -4*b + 61*d - 56*d + 280. Calculate the remainder when 149 is divided by b.
74
Let j(f) = 2*f**2 + 13*f - 9. Let s = 13 + -20. Let i be j(s). Let l = 12 - i. What is the remainder when l is divided by 6?
2
Let w = 304 - 736. Let m be w/56 - (-6)/(-21). Let j = 2 - m. Calculate the remainder when j is divided by 4.
2
Let x(u) = -286*u - 181. Calculate the remainder when x(-1) is divided by 96.
9
Let g = 2222 - 2198. Calculate the remainder when 705 is divided by g.
9
Let k(a) = a**3 + 13*a**2 + 14*a + 36. Suppose -36 = 4*g - 4*l, -3*l - 69 = -20*g + 25*g. Calculate the remainder when 19 is divided by k(g).
7
Let k(r) be the first derivative of r**4/4 + 2*r**3 - r**2/2 + 19*r + 78. What is the remainder when 35 is divided by k(-6)?
10
Let j(l) = 5*l**3 - 3*l**2 + 3*l - 2. What is the remainder when 3 + 22/(-10*8/(-440)) is divided by j(2)?
28
Let m be ((-88)/5)/(-6 + (-176)/(-30)). Let p = m - 123. What is the remainder when 88 is divided by p?
7
Let i(y) = -y**2 + 23*y + 78. Let a be i(26). Suppose a = -14*x + 3*x + 66. Calculate the remainder when 143 is divided by x.
5
Let y be 2 - (-4 + 9 + -3). Suppose y = 6*w - 8*w + 4. Let t = 84 + -75. Calculate the remainder when t is divided by w.
1
Let h = -167 + 43. Let o = h + 136. Suppose 3*y - 4*k - 113 = 0, k - 22 = -y + 4. Calculate the remainder when y is divided by o.
7
Let i = -429 + 590. Let v(r) = r**2 - 2*r + 22. Let a be v(0). Suppose -130 = -4*j - a. What is the remainder when i is divided by j?
26
Suppose 0 = -4*k - 0 + 20, -4*z + 5*k + 2611 = 0. Let q = z - 638. Calculate the remainder when 30 is divided by q.
9
Suppose 2*g = 5*u - 4, -u = 2*u - 5*g - 10. Suppose -11*y + u*y + 253 = 0. What is the remainder when y is divided by 7?
2
Suppose -139*b = -360 - 100137. Suppose -r - r + 72 = -2*x, -2*x = -5*r + 171. Calculate the remainder when b is divided by r.
30
Let s = 11238 - 11013. Calculate the remainder when 900 is divided by s.
0
Suppose -4*d = -19*d + 5070. Suppose 0*x - x = 3*a - 67, -4*x + 2*a + d = 0. What is the remainder when x is divided by 28?
26
Let t(p) = 9*p - 19. Let j be t(6). Let n be (-7)/j - (12/(-10) - 2). What is the remainder when 1*9/n + 35 is divided by 11?
5
Let a = 3 - -78. Suppose -9*g - 133 =